alculate the remainder when 44405453 is divided by 497.
491
Calculate the remainder when 130412099 is divided by 6.
5
What is the remainder when 4270001 is divided by 5391?
329
Calculate the remainder when 4970565 is divided by 111.
96
What is the remainder when 1502535070 is divided by 102?
100
Calculate the remainder when 351646 is divided by 150.
46
Calculate the remainder when 271264 is divided by 134994.
1276
What is the remainder when 371151179 is divided by 18?
17
What is the remainder when 24030704 is divided by 602?
68
Calculate the remainder when 251409 is divided by 83771.
96
Calculate the remainder when 542493519 is divided by 262.
249
What is the remainder when 724422 is divided by 2233?
930
What is the remainder when 1688925 is divided by 2559?
2544
Calculate the remainder when 2048472 is divided by 195.
192
Calculate the remainder when 214826 is divided by 2261.
31
What is the remainder when 2349851 is divided by 35071?
94
Calculate the remainder when 139869 is divided by 137126.
2743
Calculate the remainder when 274249 is divided by 849.
22
What is the remainder when 221184 is divided by 1763?
809
What is the remainder when 2759736 is divided by 2222?
12
What is the remainder when 897877 is divided by 11431?
6259
What is the remainder when 14433352 is divided by 367?
343
What is the remainder when 139690 is divided by 415?
250
What is the remainder when 5501272 is divided by 471?
463
What is the remainder when 161383 is divided by 643?
633
Calculate the remainder when 587624 is divided by 83825.
849
Calculate the remainder when 793373 is divided by 709.
2
What is the remainder when 67630 is divided by 824?
62
Calculate the remainder when 1745080 is divided by 1395.
1330
Calculate the remainder when 1967227 is divided by 281028.
31
Calculate the remainder when 15573 is divided by 2065.
1118
Calculate the remainder when 780935 is divided by 638.
23
Calculate the remainder when 11534244 is divided by 248.
12
Calculate the remainder when 591 is divided by 239.
113
Calculate the remainder when 1643563 is divided by 233.
214
Calculate the remainder when 54788 is divided by 3649.
53
What is the remainder when 47718 is divided by 9421?
613
What is the remainder when 103509199 is divided by 8?
7
Calculate the remainder when 886721 is divided by 110826.
113
What is the remainder when 109570 is divided by 183?
136
What is the remainder when 5754359 is divided by 356?
331
Calculate the remainder when 18152219 is divided by 1650198.
41
What is the remainder when 2891676 is divided by 481944?
12
Calculate the remainder when 36861 is divided by 15470.
5921
What is the remainder when 2123915092 is divided by 882?
880
What is the remainder when 841856 is divided by 1531?
1337
What is the remainder when 4500543 is divided by 69?
18
What is the remainder when 1956388 is divided by 1481?
1468
Calculate the remainder when 11917482 is divided by 21.
3
Calculate the remainder when 11471 is divided by 11280.
191
What is the remainder when 428911 is divided by 15147?
4795
Calculate the remainder when 215513384 is divided by 52.
8
Calculate the remainder when 7695266 is divided by 10343.
74
Calculate the remainder when 107483 is divided by 7253.
5941
Calculate the remainder when 673113 is divided by 834.
75
Calculate the remainder when 80026327 is divided by 38.
37
Calculate the remainder when 776015 is divided by 1226.
1183
What is the remainder when 10161264 is divided by 146?
102
Calculate the remainder when 127348 is divided by 7369.
2075
What is the remainder when 4381646 is divided by 1605?
1601
What is the remainder when 996877 is divided by 199375?
2
Calculate the remainder when 522390 is divided by 143.
11
Calculate the remainder when 344418 is divided by 1075.
418
What is the remainder when 2895297 is divided by 482548?
9
What is the remainder when 2847518808 is divided by 73?
70
Calculate the remainder when 233903 is divided by 819.
488
Calculate the remainder when 74371 is divided by 37107.
157
Calculate the remainder when 3193861 is divided by 6654.
6595
What is the remainder when 1984072 is divided by 1637?
28
Calculate the remainder when 9544 is divided by 7046.
2498
Calculate the remainder when 628520 is divided by 387.
32
Calculate the remainder when 5456 is divided by 1963.
1530
What is the remainder when 27256 is divided by 27236?
20
What is the remainder when 55344891 is divided by 3531?
3528
Calculate the remainder when 5710066 is divided by 6.
4
Calculate the remainder when 1247814 is divided by 2719.
2512
Calculate the remainder when 6989080026 is divided by 347.
346
What is the remainder when 106025371 is divided by 75142?
9
What is the remainder when 929012 is divided by 136?
132
What is the remainder when 10108959 is divided by 95?
9
Calculate the remainder when 2053611 is divided by 817.
490
Calculate the remainder when 92315 is divided by 3747.
2387
What is the remainder when 801116 is divided by 50067?
44
Calculate the remainder when 39202630 is divided by 31.
30
What is the remainder when 569347199 is divided by 795?
794
What is the remainder when 1333258 is divided by 4065?
4003
What is the remainder when 1597803 is divided by 4962?
39
What is the remainder when 164701 is divided by 318?
295
What is the remainder when 6089399 is divided by 4331?
13
What is the remainder when 453099 is divided by 5267?
137
Calculate the remainder when 7798380 is divided by 1299727.
18
What is the remainder when 353367 is divided by 1529?
168
What is the remainder when 393291 is divided by 112?
59
What is the remainder when 278950 is divided by 848?
806
Calculate the remainder when 1573985048 is divided by 8150.
8148
What is the remainder when 2693951 is divided by 2169?
53
What is the remainder when 174740 is divided by 14187?
4496
What is the remainder when 335594 is divided by 4152?
3434
Calculate the remainder when 10790735 is divided by 251.
245
Calculate the remainder when 3026225 is divided by 27.
11
What is the remainder when 17017120 is divided by 68?
52
Calculate the remainder when 15393846 is divided by 32963.
125
What is the remainder when 796390 is divided by 2189?
1783
What is the remainder when 249173 is divided by 786?
11
Calculate the remainder when 428114 is divided by 213406.
1302
What is the remainder when 18525237 is divided by 680?
677
Calculate the remainder when 61664 is divided by 450.
14
What is the remainder when 184626 is divided by 7385?
1
Calculate the remainder when 2485564 is divided by 76.
60
Calculate the remainder when 15981375 is divided by 111.
39
What is the remainder when 864771 is divided by 1842?
873
Calculate the remainder when 1005814 is divided by 646.
638
Calculate the remainder when 7205685 is divided by 609.
606
Calculate the remainder when 28857107 is divided by 108.
47
Calculate the remainder when 5937 is divided by 5575.
362
What is the remainder when 375930773 is divided by 829?
827
Calculate the remainder when 7146854 is divided by 2382273.
35
What is the remainder when 2380045 is divided by 288?
13
What is the remainder when 30732 is divided by 7535?
592
Calculate the remainder when 3185087 is divided by 637016.
7
Calculate the remainder when 38120618 is divided by 243.
236
Calculate the remainder when 3007932 is divided by 9.
6
What is the remainder when 14810610 is divided by 3103?
3094
Calculate the remainder when 9443007 is divided by 530.
527
Calculate the remainder when 8955 is divided by 143.
89
Calculate the remainder when 5071142 is divided by 1461.
11
Calculate the remainder when 2142984 is divided by 500.
484
What is the remainder when 279028605 is divided by 321?
318
Calculate the remainder when 3578 is divided by 253.
36
What is the remainder when 3954 is divided by 1316?
6
What is the remainder when 46158 is divided by 1116?
402
Calculate the remainder when 2216467 is divided by 47.
41
What is the remainder when 2063983 is divided by 796?
751
What is the remainder when 1806403 is divided by 1806403?
0
What is the remainder when 390498 is divided by 1583?
1080
Calculate the remainder when 565580 is divided by 627.
26
Calculate the remainder when 969726 is divided by 161619.
12
What is the remainder when 57887311 is divided by 6431923?
4
Calculate the remainder when 144649